-4). Suppose 4*t + 4*s - 96 = 0, 3*t - 3*s + 8*s - 80 = 0. What is the greatest common factor of o and t?
20
Let w = -157 + 70. Let x be 0 - (29*-5 + -2). Let j = x + w. What is the highest common factor of j and 15?
15
Suppose -4*l = 5*l - 360. Let s be -3 - (27/12)/((-3)/l). What is the highest common factor of s and 216?
27
Let r(w) be the third derivative of 0 - 1/6*w**3 + 5*w**2 + 0*w + 13/12*w**4. Let s be r(1). Calculate the highest common divisor of 25 and s.
25
Suppose 5*n - 6*w - 8256 = -4*w, 0 = 2*n + 3*w - 3310. What is the highest common factor of 28 and n?
28
Let y = -752 + 2743. What is the greatest common factor of y and 11?
11
Suppose 4*s - 69 = -9. Suppose 0 = 17*f - 437 + 182. What is the highest common factor of s and f?
15
Let k(l) = 9*l + 12*l - 8*l - 1 + 10*l**2. Let o be k(-3). Calculate the greatest common factor of 10 and o.
10
Suppose -4*i + 660 = i. Suppose -n - 847 + 859 = 0. What is the highest common divisor of i and n?
12
Let c(v) be the second derivative of 3*v**3 + 4*v. Let u be c(1). What is the greatest common divisor of 45 and u?
9
Let k be ((-1)/3)/(1/(-141)). Let a = k - 35. Calculate the highest common factor of 24 and a.
12
Let n = 3279 + -2993. Let c(q) = 8*q - 6. Let y be c(4). Calculate the highest common divisor of n and y.
26
Let a = 149 - -1. What is the highest common divisor of 6 and a?
6
Suppose -r + 6*r - 33 = -2*k, -3 = 3*k. Let w(l) = 3*l + 8 + 7 - 4*l + 0*l. Let s be w(8). Calculate the greatest common divisor of s and r.
7
Suppose 0 = w - j - 96, -2 = 3*j + 1. Let f = w - 51. Let x(z) = -z**3 + 18*z - 4. Let l be x(4). What is the highest common divisor of l and f?
4
Suppose 0 = 3*t + n - 21, -5*t - 5*n + n = -28. Suppose y + 10 = -5*c, 9*c = 4*y + t*c - 65. Calculate the highest common factor of 165 and y.
15
Suppose -53 = -h + 53. Suppose -2*y = -2*m + h, 3*m = -y + 203 - 32. What is the greatest common divisor of 8 and m?
8
Suppose 91 = -5*p - 759. Let k = p - -86. Let c be 6/(6*(-3)/k). What is the highest common divisor of 252 and c?
28
Suppose 135 = 3*z - 4*w, 257 = 5*z - 4*w + 8*w. Calculate the greatest common factor of 392 and z.
49
Let a = -14 + -54. Let c = -59 - a. Calculate the greatest common divisor of 18 and c.
9
Let k be 375/(-500)*(-36 - (0/(-3))/2). Let l = -2 - -11. What is the greatest common factor of k and l?
9
Let c be 2/3 - (-476)/42. Suppose 4*n + 4*i + 82 - 298 = 0, 4*i = c. Calculate the greatest common factor of n and 459.
51
Suppose -3*d = -d + r - 155, 75 = d + 3*r. Suppose -3*k - k + d = -3*i, -3*k + 5*i = -53. Calculate the greatest common factor of 105 and k.
21
Let t be (1 - -1)/(1/12). Suppose -6*p + p - 200 = 0. Let x = -32 - p. What is the greatest common divisor of x and t?
8
Let m(f) = 15*f**3 - f**2 + 3*f - 3. Suppose 5*r + 8 - 13 = 0. Let v be m(r). What is the greatest common divisor of v and 154?
14
Let z be (1/1)/1*0. Suppose 140 = -z*x + 4*x - t, -92 = -3*x + 4*t. What is the highest common divisor of 24 and x?
12
Suppose 5*s = 7 + 13. Suppose k = -s*k. Suppose k = 4*y - 3*c - 905, 0*y + y + 4*c - 212 = 0. What is the highest common divisor of y and 28?
28
Let t = 379 - 155. What is the greatest common factor of 14 and t?
14
Let h be (-204 - -3)*(1 - 0). Suppose 3*l + 2*f + 252 = -2*f, -f - 420 = 5*l. Let s = l - h. What is the greatest common factor of s and 13?
13
Suppose 0 = -0*g + g - 2*d + 30, 0 = -3*g + 2*d - 78. Let k = g - -34. Let w = 116 + -46. Calculate the highest common divisor of w and k.
10
Suppose 20*s - 22*s = 60. Let y be 126/10 - (-18)/s. Let u(a) = 107*a**2 + 2*a - 1. Let p be u(1). Calculate the greatest common divisor of y and p.
12
Suppose 3*h = 7*h - 40. Calculate the highest common divisor of h and 310.
10
Let k be -2*(-3)/(-24)*-4. Let d be 214/12 + k/6. Let v(p) = 6*p**2. Let h be v(1). Calculate the greatest common factor of d and h.
6
Let m(o) = 116*o**2 - 10*o + 8. Let v be m(1). Calculate the greatest common factor of 912 and v.
114
Let v(a) = -a**2 + 10*a - 10. Let i be v(8). Suppose -3*d = -i*d + 12. Suppose 5*u - 2 = d*u. Calculate the highest common factor of u and 22.
2
Let i = -591 + 597. What is the highest common factor of i and 10?
2
Let a = 62 - -8. Suppose 6*o = o + a. Let d(l) = -8*l**3 - 32*l**2 - 10*l - 12. Let n be d(-4). What is the highest common factor of n and o?
14
Suppose 2*c + i = 10, 5*c - 2*i = 5 + 20. Let k be ((-8 - -1)/(-7))/1. Calculate the highest common divisor of c and k.
1
Suppose -10*k - 5*k = -210. Let s be (-3)/(-12) + 278/8. What is the greatest common divisor of s and k?
7
Let k = -965 - -1001. Calculate the highest common factor of k and 18.
18
Suppose 3*g + 2 = g, t + 5*g = 17. Suppose -2 - 20 = -2*n. Calculate the highest common divisor of t and n.
11
Let l(y) = -8*y - 46. Let r be l(-11). What is the highest common divisor of r and 14?
14
Suppose 9*p + 99 = 6*p. Let f be 6/(-33) - 1458/p. Calculate the highest common factor of 484 and f.
44
Let h(i) = -15*i**2 - 6*i + 12. Let j be h(2). Let r be j/(-10) - 4*-1. Calculate the highest common divisor of r and 10.
10
Suppose 2*d - 32 = -h, 40*h + 21 = d + 43*h. Let g be 15 + ((-2)/2 - -1). What is the greatest common factor of d and g?
15
Suppose 4*x - 8*x = -16. Let y = x + -2. Suppose 0 = -4*f, -54 - 42 = -2*s + y*f. What is the highest common divisor of s and 6?
6
Let p be (1675/(-100))/(1*4/(-32)). What is the greatest common divisor of 4 and p?
2
Let g = -17 + 19. Suppose 5*s - 4*r - 45 - 51 = 0, -g*r - 18 = -s. What is the greatest common factor of s and 30?
10
Let r = 36 - 25. Suppose 5 = -a + r. Calculate the greatest common factor of 48 and a.
6
Suppose 70*a + 48 = 82*a. Suppose 0 = -5*d - f + 217, 38 = d + 4*f - 2*f. What is the greatest common factor of d and a?
4
Suppose -39*h = 3*o - 41*h - 1825, 2*o = -2*h + 1230. What is the greatest common divisor of o and 13?
13
Let w be (1/2)/((-64)/1248)*-4. What is the greatest common divisor of 1248 and w?
39
Let k(u) = 2*u**3 - 12*u**2 + 7*u + 3. Let i be k(10). Calculate the greatest common divisor of 9 and i.
9
Let k = 131 - 53. Let x = 6 - -46. What is the greatest common divisor of k and x?
26
Suppose 3*v - 5*x = 82, v - 32 = 5*x + 2. Let p be (2 - -574)*(-6)/(-9). Suppose 12*i - p = 10*i. Calculate the highest common factor of i and v.
24
Suppose -5*s = 2*x + 13 + 9, 21 = -5*s - x. Let z be (-252)/(-27)*(-6)/s. Calculate the highest common divisor of 154 and z.
14
Suppose 88 = 5*v - h, 4*v - 45*h - 59 = -48*h. What is the greatest common factor of 1836 and v?
17
Let s = 5 - 3. Suppose y - 4*r = 16 + 24, -2*r + s = 0. Calculate the greatest common divisor of 484 and y.
44
Let o(p) = 4*p**2 + 194*p - 46. Let h be o(-49). Let q(b) = 2*b**3 - 7*b**2 + 6*b - 1. Let y be q(5). Calculate the greatest common divisor of y and h.
52
Suppose -5*o - 69 = 5*d - 734, 4*o = d - 143. Suppose 2*b = 5*g - 827, -2*g - 5*b + 190 = -d. What is the highest common divisor of g and 15?
15
Suppose z = -z. Let f = z - -4. Suppose f*s - 4 = 4. What is the highest common divisor of s and 2?
2
Let b be (8*(-20)/240)/(202/(-66) + 3). Let g be 0 - 0 - (-57 - -2). What is the greatest common divisor of g and b?
11
Suppose 0*y = -2*l - y - 25, -3*l - 41 = -2*y. Let n = 10 + l. Let q be (-9)/n + -4 - -3. What is the highest common factor of q and 1?
1
Let n = 25 + -14. Suppose -176 = -3*u - n. What is the highest common divisor of u and 11?
11
Suppose 0*f = f - 2*p - 2430, 0 = -5*f + 2*p + 12158. What is the highest common divisor of 128 and f?
128
Let u(h) = 3*h - 11. Let b be u(5). Suppose 3*y - 28 = -2*d + 13, -5*d = b*y - 64. What is the highest common factor of 99 and y?
11
Let f(n) = -2*n - 1. Let a be f(-2). Suppose 10 = -u + a*u. What is the greatest common factor of u and 40?
5
Let c(l) = l**2 + 2*l - 3. Let x be c(-3). Suppose x*k - 2*k + 2*b + 24 = 0, 10 = k + b. Calculate the highest common divisor of k and 11.
11
Let a be (2*(-2)/3)/(35/(-945)). Calculate the highest common factor of a and 252.
36
Suppose 8*a - 3168 + 256 = 0. Calculate the greatest common divisor of 104 and a.
52
Suppose 7*s + 2271 = 10*s + 3*k, -s + 4*k + 732 = 0. Calculate the highest common divisor of s and 48.
16
Suppose 13 + 12 = 5*g, 23 = 4*l + 3*g. Suppose 15 = -3*u, u + 152 = l*r - 31. Let t = r + -8. Calcul